+ 5*p + 14 = 0. Calculate the highest common divisor of w and 13.
13
Let s = 31 + 9. What is the greatest common factor of s and 5?
5
Let a(t) = -t**3 + 6*t**2 + 6*t - 7. Let u be a(5). Suppose -4*z + 15 = 3*f, -4*z + 3*f = f - 30. What is the greatest common divisor of z and u?
6
Let c(x) = -x - 2. Let b be c(-5). What is the highest common factor of b and 15?
3
Let j be ((-6)/4)/(9/(-60)). Let q be (-3)/2 + 13/(-26) + 4. Calculate the greatest common divisor of j and q.
2
Suppose -d - 2*q - 4 + 29 = 0, -2*d = -q - 30. Let g be ((-324)/(-8))/(-9)*(-102)/9. What is the greatest common divisor of g and d?
17
Suppose 1 = q + 3*m, -q + 2*q - 5 = m. Let v = -40 - -44. What is the greatest common divisor of v and q?
4
Suppose -5*p + 22 = -23. Calculate the greatest common factor of 27 and p.
9
Suppose 3*z + 32 = 4*f, -4*f - 3*z + 11 + 21 = 0. Let y be (-10)/(1/(-16) - 0). Suppose -3*u - u = -y. What is the greatest common factor of u and f?
8
Let c be (-6)/(-2) - (-4 + 9). Let s be 16/(-6)*3/c. Calculate the highest common divisor of s and 28.
4
Suppose -3*j + 8 = -j. Let s be (20/(-6))/(j/(-30)). Calculate the highest common factor of s and 75.
25
Let z(v) = -23*v**3 - 3*v - 3. Let d be z(-1). What is the greatest common divisor of 92 and d?
23
Let a be (-4)/(-1) - (-1 + -17). What is the highest common divisor of 44 and a?
22
Let s be (28 - 2)/(5/25). Calculate the greatest common divisor of 52 and s.
26
Suppose 2*f = 3*f + 10. Let q = 30 + f. Calculate the highest common divisor of q and 5.
5
Suppose 0 = 4*z + 4*q - 6*q - 54, 0 = 3*z - 3*q - 39. Calculate the greatest common divisor of 406 and z.
14
Let w be (9/(-6))/((-1)/216). Calculate the highest common factor of 12 and w.
12
Suppose o - 3*d = 14, -2*o + 5*d = -5*o - 14. Suppose -o*n - 49 = -2*t + 3*n, -26 = -t + n. Calculate the greatest common factor of t and 18.
9
Suppose -3*p + 2*p - 21 = 0. Let f = -13 - p. What is the highest common divisor of 88 and f?
8
Let i be (-2)/(-6)*(-9)/(-1). Let m be 322/8 + i/(-12). Suppose 0*g = -g + m. Calculate the greatest common divisor of 5 and g.
5
Let b be -1 - 1/(3/(-33)). Let i = b + -6. Let g be 35*i/5*1. What is the highest common divisor of 4 and g?
4
Suppose -4*c - 9 + 29 = 0. Let n be c/2*126/3. Calculate the highest common divisor of 42 and n.
21
Suppose j - 42 = 3*a + 45, -271 = -3*j - a. What is the greatest common factor of j and 10?
10
Let b be (-38)/95*(0 - 30). What is the greatest common divisor of b and 24?
12
Let s be 6/(((-5)/15 - -3) + -2). Calculate the highest common divisor of 207 and s.
9
Let l(j) = -j**3 + 16*j**2 + 3*j - 23. Let k be l(16). Let i = 37 - k. Calculate the greatest common divisor of 12 and i.
12
Let b(s) = -s**3 + 5*s**2 + 3*s - 6. Let n be b(6). Let c be (n/(-20))/(3/280). Let f = 29 - 15. Calculate the highest common factor of c and f.
14
Suppose m = c - 8, -2*c - 3*m = m - 46. Suppose n - 1 = c. What is the highest common divisor of n and 7?
7
Suppose 3*d + 10 = 2*u - 15, -u - 2*d + 2 = 0. Calculate the greatest common factor of 56 and u.
8
Let t(o) = 4*o**3 - 2*o + 1. Let k be t(1). Suppose -3*a + 4*a = k. What is the highest common divisor of a and 6?
3
Let p(f) = -f + 5. Let s be p(-6). What is the greatest common factor of s and 99?
11
Let j(w) = 5*w**2 + 3*w + 1. Let b be j(-1). Let r = 6 + b. What is the highest common divisor of 9 and r?
9
Let y be (-2)/(-3) - (-2096)/24. Suppose 0 = 2*n - 6 - 10. What is the highest common factor of n and y?
8
Let v(y) = -y**3 + 13*y**2 + 15*y - 9. Let s be v(14). Suppose 12 = s*l - 2*l. Let n = 6 - -2. What is the greatest common divisor of n and l?
4
Suppose 20 = -4*x, -4*x - 1 = -3*g + 34. Let a = -12 + g. Let m(p) = -10*p - 6. Let q be m(a). Calculate the greatest common factor of q and 8.
8
Let d(u) = 2*u**3 - 5*u**2 - u - 5. Let z be d(4). Suppose -4*w - 3*k + 54 = 0, 6*w + 3*k = 3*w + z. What is the highest common factor of 3 and w?
3
Let h(t) = 1 + 2 + 2*t**2 - t**2 + 1. Let y be h(4). What is the greatest common factor of 10 and y?
10
Suppose -1 = 2*t - 5. Suppose -5 - t = -j. Suppose a - j = 9. Calculate the greatest common factor of 48 and a.
16
Suppose 2*a + 5*s - 187 = -0*s, -2*a + 188 = 4*s. Let t be 2/6 + a/9. What is the greatest common divisor of 99 and t?
11
Let v = 49 - 21. Let g = v - 26. Calculate the highest common divisor of 8 and g.
2
Let u(b) = -3*b - 7. Let h be u(-6). What is the highest common factor of 99 and h?
11
Let r be (0 + -2 - -2) + -29. Let c = -9 - r. Let b be (30 - 2) + 1*2. Calculate the highest common factor of c and b.
10
Suppose -3*i + 39 = 2*l, 0*l + 3*i + 66 = 3*l. What is the highest common factor of l and 168?
21
Suppose 0 = -0*r + r + 7. Let l(f) = -3*f - 3. Let t be l(r). Calculate the highest common divisor of 6 and t.
6
Let c be ((-16)/12)/(1/(-33)). Let l(y) = 0*y**2 + 4*y**2 + 4 + 0*y**2 - 11*y - 3*y**2. Let n be l(11). What is the greatest common factor of n and c?
4
Suppose -21*u + 15*u + 90 = 0. Calculate the greatest common divisor of 15 and u.
15
Let t = -1 - -3. Suppose 16 = t*d + 2*i, 0*d = -d + 5*i - 16. Calculate the greatest common divisor of 4 and d.
4
Let p = 24 - 13. What is the greatest common factor of 1 and p?
1
Let i(x) = -x. Let k be i(-2). Suppose 2*f + k*f = 5*g + 63, -5*f + 48 = 4*g. Suppose 0 = -0*b + 3*b - 324. Calculate the greatest common divisor of f and b.
12
Suppose -4*l + 9*l = 10. Suppose -t - t = -l. What is the highest common factor of t and 7?
1
Suppose 70 = 5*x + 5*t - 0*t, 3*x - 63 = 4*t. What is the greatest common factor of 34 and x?
17
Let u(k) = -2*k**2 + 7*k - 9. Let r be u(6). Let d = r + 56. Let t = -61 + 146. Calculate the greatest common divisor of d and t.
17
Let f be (-8)/(-2) - 15/5. Let v be 1*(82/f + -2). What is the greatest common factor of v and 20?
20
Let r be 12/28 + 128/28 + -1. What is the highest common divisor of r and 1?
1
Let z be 12/(-30) - 3/5. Let q be ((-2)/(-5))/(2/20). Let o = z + q. Calculate the greatest common divisor of 21 and o.
3
Suppose -2*w + 7 + 33 = 0. Let z be (-336)/(-10) + (-12)/w. What is the greatest common divisor of 22 and z?
11
Let c = 272 - 65. Let p(v) = 5*v**2 - 2*v - 1. Let j be p(-2). What is the highest common divisor of c and j?
23
Let f be (12/(-8))/(3/(-20)). Let p be f/(1 + 1 + -1). Let z = -41 + 71. Calculate the highest common factor of p and z.
10
Let i = 2 + 11. Let n be ((-468)/15)/(-3)*5. Calculate the greatest common divisor of i and n.
13
Let u = -22 - -32. Calculate the highest common divisor of 20 and u.
10
Let i be 145/1 + (-4 - 1). What is the greatest common factor of i and 35?
35
Let n(g) = -g**3 + 4*g**2 + 6*g. Let f be n(5). Suppose 2*s - f*s = -84. Suppose m - 6 = -5*o, o - 2 - s = -5*m. What is the highest common divisor of 6 and m?
6
Let z = 56 - 52. Let x(r) = -r**2 + 76. Let q be x(0). Suppose z*k - q + 28 = 0. What is the highest common divisor of k and 24?
12
Let z be (282/9)/(1/3). Let i = z + -67. Suppose 4*l - 13 - 23 = 0. Calculate the highest common factor of l and i.
9
Suppose 2*l - 3*y + 5*y - 8 = 0, 2*l + y - 9 = 0. Suppose t = 6*t + l*s - 75, 3*t - 33 = s. What is the greatest common factor of t and 4?
4
Let g = 87 - 36. Suppose -3*r + 20 = -31. What is the highest common factor of r and g?
17
Let i(v) be the second derivative of v**5/20 + 2*v**4/3 + 5*v**3/6 - v**2 + v. Let k be i(-7). Let f = 128 - -4. What is the highest common factor of k and f?
12
Let v(h) = 6*h**2 + 2*h. Let n = 6 - 0. Let d = -10 + n. Let c be v(d). What is the highest common factor of 8 and c?
8
Let i(p) = -p**3 - 4*p**2 + 6*p + 7. Let n be i(-5). Suppose -g + n = -1. What is the highest common factor of g and 15?
3
Suppose -w - 3*y = -4*y - 16, 3*y = 4*w - 63. Calculate the greatest common factor of 120 and w.
15
Let m(u) = u**2 + 8*u + 10. Let s be m(-7). Suppose 2*y - 2*t = 230, -s*y - 125 = -4*y + 3*t. Calculate the highest common divisor of 10 and y.
10
Let g = 278 + -20. Suppose 190 + g = 4*r. Let k(m) = -2*m + 2. Let f be k(-6). Calculate the highest common divisor of f and r.
14
Let r = -11 + 17. Suppose 0 = r*g - 3*g - 3*k - 36, 4*g + 4*k = 48. What is the highest common factor of g and 12?
12
Let z = 37 - 26. Suppose -z = -m + 10. What is the greatest common divisor of 3 and m?
3
Suppose 4*p = -0*p - 12